[INFO] cloning repository https://github.com/kaikalii/fit-text
[INFO] running `Command { std: "git" "-c" "credential.helper=" "-c" "credential.helper=/workspace/cargo-home/bin/git-credential-null" "clone" "--bare" "https://github.com/kaikalii/fit-text" "/workspace/cache/git-repos/https%3A%2F%2Fgithub.com%2Fkaikalii%2Ffit-text", kill_on_drop: false }`
[INFO] [stderr] Cloning into bare repository '/workspace/cache/git-repos/https%3A%2F%2Fgithub.com%2Fkaikalii%2Ffit-text'...
[INFO] running `Command { std: "git" "rev-parse" "HEAD", kill_on_drop: false }`
[INFO] [stdout] 88773fa1fcc49d4f90189fa9381cf7338e2d1c36
[INFO] checking kaikalii/fit-text against master#cfbc6d4cf1acbac5c025acf8ed68929caa551df3 for pr-75494-beta
[INFO] running `Command { std: "git" "clone" "/workspace/cache/git-repos/https%3A%2F%2Fgithub.com%2Fkaikalii%2Ffit-text" "/workspace/builds/worker-1/source", kill_on_drop: false }`
[INFO] [stderr] Cloning into '/workspace/builds/worker-1/source'...
[INFO] [stderr] done.
[INFO] validating manifest of git repo https://github.com/kaikalii/fit-text on toolchain cfbc6d4cf1acbac5c025acf8ed68929caa551df3
[INFO] running `Command { std: "/workspace/cargo-home/bin/cargo" "+cfbc6d4cf1acbac5c025acf8ed68929caa551df3" "read-manifest" "--manifest-path" "Cargo.toml", kill_on_drop: false }`
[INFO] started tweaking git repo https://github.com/kaikalii/fit-text
[INFO] removed 0 missing examples
[INFO] finished tweaking git repo https://github.com/kaikalii/fit-text
[INFO] tweaked toml for git repo https://github.com/kaikalii/fit-text written to /workspace/builds/worker-1/source/Cargo.toml
[INFO] crate git repo https://github.com/kaikalii/fit-text already has a lockfile, it will not be regenerated
[INFO] running `Command { std: "/workspace/cargo-home/bin/cargo" "+cfbc6d4cf1acbac5c025acf8ed68929caa551df3" "fetch" "--locked" "--manifest-path" "Cargo.toml", kill_on_drop: false }`
[INFO] [stderr]  Downloading crates ...
[INFO] [stderr]   Downloaded graphics_buffer v0.7.2
[INFO] running `Command { std: "docker" "create" "-v" "/var/lib/crater-agent-workspace/builds/worker-1/target:/opt/rustwide/target:rw,Z" "-v" "/var/lib/crater-agent-workspace/builds/worker-1/source:/opt/rustwide/workdir:ro,Z" "-v" "/var/lib/crater-agent-workspace/cargo-home:/opt/rustwide/cargo-home:ro,Z" "-v" "/var/lib/crater-agent-workspace/rustup-home:/opt/rustwide/rustup-home:ro,Z" "-e" "SOURCE_DIR=/opt/rustwide/workdir" "-e" "CARGO_TARGET_DIR=/opt/rustwide/target" "-e" "CARGO_HOME=/opt/rustwide/cargo-home" "-e" "RUSTUP_HOME=/opt/rustwide/rustup-home" "-w" "/opt/rustwide/workdir" "-m" "1610612736" "--user" "0:0" "--network" "none" "rustops/crates-build-env@sha256:a636fd89d022f18117e1dc8fb37a0a009933cdbbe082814857f0e2024962d47c" "/opt/rustwide/cargo-home/bin/cargo" "+cfbc6d4cf1acbac5c025acf8ed68929caa551df3" "metadata" "--no-deps" "--format-version=1", kill_on_drop: false }`
[INFO] [stdout] 03c97779e8d977bc71730af70b5b1f840557362359de4529b78eeed2243d0941
[INFO] [stderr] WARNING: Your kernel does not support swap limit capabilities or the cgroup is not mounted. Memory limited without swap.
[INFO] running `Command { std: "docker" "start" "-a" "03c97779e8d977bc71730af70b5b1f840557362359de4529b78eeed2243d0941", kill_on_drop: false }`
[INFO] running `Command { std: "docker" "inspect" "03c97779e8d977bc71730af70b5b1f840557362359de4529b78eeed2243d0941", kill_on_drop: false }`
[INFO] running `Command { std: "docker" "rm" "-f" "03c97779e8d977bc71730af70b5b1f840557362359de4529b78eeed2243d0941", kill_on_drop: false }`
[INFO] [stdout] 03c97779e8d977bc71730af70b5b1f840557362359de4529b78eeed2243d0941
[INFO] running `Command { std: "docker" "create" "-v" "/var/lib/crater-agent-workspace/builds/worker-1/target:/opt/rustwide/target:rw,Z" "-v" "/var/lib/crater-agent-workspace/builds/worker-1/source:/opt/rustwide/workdir:ro,Z" "-v" "/var/lib/crater-agent-workspace/cargo-home:/opt/rustwide/cargo-home:ro,Z" "-v" "/var/lib/crater-agent-workspace/rustup-home:/opt/rustwide/rustup-home:ro,Z" "-e" "SOURCE_DIR=/opt/rustwide/workdir" "-e" "CARGO_TARGET_DIR=/opt/rustwide/target" "-e" "CARGO_INCREMENTAL=0" "-e" "RUST_BACKTRACE=full" "-e" "RUSTFLAGS=--cap-lints=forbid" "-e" "CARGO_HOME=/opt/rustwide/cargo-home" "-e" "RUSTUP_HOME=/opt/rustwide/rustup-home" "-w" "/opt/rustwide/workdir" "-m" "1610612736" "--user" "0:0" "--network" "none" "rustops/crates-build-env@sha256:a636fd89d022f18117e1dc8fb37a0a009933cdbbe082814857f0e2024962d47c" "/opt/rustwide/cargo-home/bin/cargo" "+cfbc6d4cf1acbac5c025acf8ed68929caa551df3" "check" "--frozen" "--all" "--all-targets" "--message-format=json", kill_on_drop: false }`
[INFO] [stdout] abf449f1cdb3e9efd85bf5cea06887c5fab14825bae76f1eee032fec851d0860
[INFO] [stderr] WARNING: Your kernel does not support swap limit capabilities or the cgroup is not mounted. Memory limited without swap.
[INFO] running `Command { std: "docker" "start" "-a" "abf449f1cdb3e9efd85bf5cea06887c5fab14825bae76f1eee032fec851d0860", kill_on_drop: false }`
[INFO] [stderr]    Compiling autocfg v0.1.5
[INFO] [stderr]     Checking lazy_static v1.4.0
[INFO] [stderr]    Compiling arrayvec v0.4.11
[INFO] [stderr]    Compiling libc v0.2.62
[INFO] [stderr]     Checking nodrop v0.1.13
[INFO] [stderr]    Compiling rayon-core v1.6.0
[INFO] [stderr]    Compiling bitflags v1.1.0
[INFO] [stderr]     Checking vector2math v0.6.0
[INFO] [stderr]     Checking once_cell v1.3.1
[INFO] [stderr]     Checking bit-vec v0.6.1
[INFO] [stderr]     Checking gif v0.10.2
[INFO] [stderr]     Checking piston2d-graphics v0.36.0
[INFO] [stderr]     Checking crc32fast v1.2.0
[INFO] [stderr]     Checking deflate v0.7.20
[INFO] [stderr]    Compiling memoffset v0.5.1
[INFO] [stderr]     Checking crossbeam-utils v0.6.6
[INFO] [stderr]    Compiling num-traits v0.2.8
[INFO] [stderr]    Compiling num-integer v0.1.41
[INFO] [stderr]    Compiling num-iter v0.1.39
[INFO] [stderr]    Compiling num-rational v0.2.2
[INFO] [stderr]     Checking crossbeam-queue v0.1.2
[INFO] [stderr]     Checking png v0.15.0
[INFO] [stderr]     Checking crossbeam-epoch v0.7.2
[INFO] [stderr]     Checking num_cpus v1.10.1
[INFO] [stderr]     Checking crossbeam-deque v0.7.1
[INFO] [stderr]     Checking ordered-float v1.0.2
[INFO] [stderr]     Checking approx v0.3.2
[INFO] [stderr]     Checking tiff v0.3.1
[INFO] [stderr]     Checking rusttype v0.8.2
[INFO] [stderr]     Checking rayon v1.2.0
[INFO] [stderr]     Checking rusttype v0.7.9
[INFO] [stderr]     Checking fit_text v0.2.0 (/opt/rustwide/workdir)
[INFO] [stderr]     Checking piston2d-graphics v0.35.0
[INFO] [stderr]     Checking jpeg-decoder v0.1.16
[INFO] [stderr]     Checking image v0.22.2
[INFO] [stderr]     Checking graphics_buffer v0.7.2
[INFO] [stdout] error[E0277]: the trait bound `graphics::glyph_cache::rusttype::GlyphCache<'_, (), graphics_buffer::RenderBuffer>: graphics::character::CharacterCache` is not satisfied
[INFO] [stdout]    --> examples/simple.rs:24:5
[INFO] [stdout]     |
[INFO] [stdout] 24  |     fitted_text(s1, rect, 30, &mut glyphs, IDENTITY, &mut normal_buffer).unwrap();
[INFO] [stdout]     |     ^^^^^^^^^^^ the trait `graphics::character::CharacterCache` is not implemented for `graphics::glyph_cache::rusttype::GlyphCache<'_, (), graphics_buffer::RenderBuffer>`
[INFO] [stdout]     | 
[INFO] [stdout]    ::: /opt/rustwide/workdir/src/lib.rs:535:8
[INFO] [stdout]     |
[INFO] [stdout] 535 |     C: CharacterCache,
[INFO] [stdout]     |        -------------- required by this bound in `fit_text::fitted_text`
[INFO] [stdout]     |
[INFO] [stdout] help: trait impl with same name found
[INFO] [stdout]    --> /opt/rustwide/cargo-home/registry/src/github.com-1ecc6299db9ec823/piston2d-graphics-0.35.0/./src/glyph_cache/rusttype.rs:132:1
[INFO] [stdout]     |
[INFO] [stdout] 132 | / impl<'b, F, T: ImageSize> CharacterCache for GlyphCache<'b, F, T>
[INFO] [stdout] 133 | |     where T: CreateTexture<F> + UpdateTexture<F>
[INFO] [stdout] 134 | | {
[INFO] [stdout] 135 | |     type Texture = T;
[INFO] [stdout] ...   |
[INFO] [stdout] 260 | |     }
[INFO] [stdout] 261 | | }
[INFO] [stdout]     | |_^
[INFO] [stdout]     = note: perhaps two different versions of crate `graphics` are being used?
[INFO] [stdout] 
[INFO] [stdout] 
[INFO] [stdout] error[E0277]: the trait bound `graphics_buffer::RenderBuffer: graphics::graphics::Graphics` is not satisfied
[INFO] [stdout]    --> examples/simple.rs:24:5
[INFO] [stdout]     |
[INFO] [stdout] 24  |     fitted_text(s1, rect, 30, &mut glyphs, IDENTITY, &mut normal_buffer).unwrap();
[INFO] [stdout]     |     ^^^^^^^^^^^ the trait `graphics::graphics::Graphics` is not implemented for `graphics_buffer::RenderBuffer`
[INFO] [stdout]     | 
[INFO] [stdout]    ::: /opt/rustwide/workdir/src/lib.rs:537:8
[INFO] [stdout]     |
[INFO] [stdout] 537 |     G: Graphics<Texture = C::Texture>,
[INFO] [stdout]     |        ------------------------------ required by this bound in `fit_text::fitted_text`
[INFO] [stdout]     |
[INFO] [stdout] help: trait impl with same name found
[INFO] [stdout]    --> /opt/rustwide/cargo-home/registry/src/github.com-1ecc6299db9ec823/graphics_buffer-0.7.2/src/lib.rs:227:1
[INFO] [stdout]     |
[INFO] [stdout] 227 | / impl Graphics for RenderBuffer {
[INFO] [stdout] 228 | |     type Texture = RenderBuffer;
[INFO] [stdout] 229 | |     fn clear_color(&mut self, color: Color) {
[INFO] [stdout] 230 | |         for (_, _, pixel) in self.inner.enumerate_pixels_mut() {
[INFO] [stdout] ...   |
[INFO] [stdout] 362 | |     }
[INFO] [stdout] 363 | | }
[INFO] [stdout]     | |_^
[INFO] [stdout]     = note: perhaps two different versions of crate `graphics` are being used?
[INFO] [stdout] 
[INFO] [stdout] 
[INFO] [stdout] error[E0277]: the trait bound `graphics::glyph_cache::rusttype::GlyphCache<'_, (), graphics_buffer::RenderBuffer>: graphics::character::CharacterCache` is not satisfied
[INFO] [stdout]    --> examples/simple.rs:27:5
[INFO] [stdout]     |
[INFO] [stdout] 27  |     fitted_colored_text(s2, rect, 30, &mut glyphs, IDENTITY, &mut colored_buffer).unwrap();
[INFO] [stdout]     |     ^^^^^^^^^^^^^^^^^^^ the trait `graphics::character::CharacterCache` is not implemented for `graphics::glyph_cache::rusttype::GlyphCache<'_, (), graphics_buffer::RenderBuffer>`
[INFO] [stdout]     | 
[INFO] [stdout]    ::: /opt/rustwide/workdir/src/lib.rs:570:8
[INFO] [stdout]     |
[INFO] [stdout] 570 |     C: CharacterCache,
[INFO] [stdout]     |        -------------- required by this bound in `fit_text::fitted_colored_text`
[INFO] [stdout]     |
[INFO] [stdout] help: trait impl with same name found
[INFO] [stdout]    --> /opt/rustwide/cargo-home/registry/src/github.com-1ecc6299db9ec823/piston2d-graphics-0.35.0/./src/glyph_cache/rusttype.rs:132:1
[INFO] [stdout]     |
[INFO] [stdout] 132 | / impl<'b, F, T: ImageSize> CharacterCache for GlyphCache<'b, F, T>
[INFO] [stdout] 133 | |     where T: CreateTexture<F> + UpdateTexture<F>
[INFO] [stdout] 134 | | {
[INFO] [stdout] 135 | |     type Texture = T;
[INFO] [stdout] ...   |
[INFO] [stdout] 260 | |     }
[INFO] [stdout] 261 | | }
[INFO] [stdout]     | |_^
[INFO] [stdout]     = note: perhaps two different versions of crate `graphics` are being used?
[INFO] [stdout] 
[INFO] [stdout] 
[INFO] [stdout] error[E0277]: the trait bound `graphics_buffer::RenderBuffer: graphics::graphics::Graphics` is not satisfied
[INFO] [stdout]    --> examples/simple.rs:27:5
[INFO] [stdout]     |
[INFO] [stdout] 27  |     fitted_colored_text(s2, rect, 30, &mut glyphs, IDENTITY, &mut colored_buffer).unwrap();
[INFO] [stdout]     |     ^^^^^^^^^^^^^^^^^^^ the trait `graphics::graphics::Graphics` is not implemented for `graphics_buffer::RenderBuffer`
[INFO] [stdout]     | 
[INFO] [stdout]    ::: /opt/rustwide/workdir/src/lib.rs:572:8
[INFO] [stdout]     |
[INFO] [stdout] 572 |     G: Graphics<Texture = C::Texture>,
[INFO] [stdout]     |        ------------------------------ required by this bound in `fit_text::fitted_colored_text`
[INFO] [stdout]     |
[INFO] [stdout] help: trait impl with same name found
[INFO] [stdout]    --> /opt/rustwide/cargo-home/registry/src/github.com-1ecc6299db9ec823/graphics_buffer-0.7.2/src/lib.rs:227:1
[INFO] [stdout]     |
[INFO] [stdout] 227 | / impl Graphics for RenderBuffer {
[INFO] [stdout] 228 | |     type Texture = RenderBuffer;
[INFO] [stdout] 229 | |     fn clear_color(&mut self, color: Color) {
[INFO] [stdout] 230 | |         for (_, _, pixel) in self.inner.enumerate_pixels_mut() {
[INFO] [stdout] ...   |
[INFO] [stdout] 362 | |     }
[INFO] [stdout] 363 | | }
[INFO] [stdout]     | |_^
[INFO] [stdout]     = note: perhaps two different versions of crate `graphics` are being used?
[INFO] [stdout] 
[INFO] [stdout] 
[INFO] [stdout] error: aborting due to 4 previous errors
[INFO] [stdout] 
[INFO] [stdout] 
[INFO] [stdout] For more information about this error, try `rustc --explain E0277`.
[INFO] [stdout] 
[INFO] [stderr] error: could not compile `fit_text`.
[INFO] [stderr] 
[INFO] [stderr] To learn more, run the command again with --verbose.
[INFO] [stderr] warning: build failed, waiting for other jobs to finish...
[INFO] [stderr] error: build failed
[INFO] running `Command { std: "docker" "inspect" "abf449f1cdb3e9efd85bf5cea06887c5fab14825bae76f1eee032fec851d0860", kill_on_drop: false }`
[INFO] running `Command { std: "docker" "rm" "-f" "abf449f1cdb3e9efd85bf5cea06887c5fab14825bae76f1eee032fec851d0860", kill_on_drop: false }`
[INFO] [stdout] abf449f1cdb3e9efd85bf5cea06887c5fab14825bae76f1eee032fec851d0860
